{"id":1897,"date":"2021-08-20T13:22:49","date_gmt":"2021-08-20T10:22:49","guid":{"rendered":"https:\/\/retkilemi.fi\/?post_type=product&#038;p=1897"},"modified":"2026-01-06T20:53:16","modified_gmt":"2026-01-06T18:53:16","slug":"leupold-rds-freedom-1-34-punapiste-1-moa-sis-jalusta","status":"publish","type":"product","link":"https:\/\/retkilemi.fi\/?product=leupold-rds-freedom-1-34-punapiste-1-moa-sis-jalusta","title":{"rendered":"Leupold RDS-Freedom 1-34 punapiste 1 MOA sis. jalusta"},"content":{"rendered":"<p>VX-Freedom RDS (Red Dot Sight) on Leupoldin huippu-uutuus. Kuten muutkin Leupold -tuotteet my\u00f6s Freedom -sarjan tuotteet ovat t\u00e4ysin vesitiiviit\u00e4 ja huurtumattomia. Luonnollisesti Leupoldin legendaarinen 30 vuoden takuu on my\u00f6s voimassa Freedom -sarjan tuotteissa.<\/p>\n<p>Tekniset tiedot:<\/p>\n<ul>\n<li>Suurennussuhde: 1-34<\/li>\n<li>Paino: 196 g<\/li>\n<li>Pituus: 135 mm<\/li>\n<li>Viimeistely: Matte<\/li>\n<li>Runkoputken halkaisija: 34 mm<\/li>\n<li>N\u00e4k\u00f6kentt\u00e4 100 m: 37,0 \u2013 7,0 m<\/li>\n<li>Ristikko: Dot 1 MOA<\/li>\n<\/ul>\n","protected":false},"excerpt":{"rendered":"<p>VX-Freedom RDS (Red Dot Sight) on Leupoldin huippu-uutuus.<\/p>\n","protected":false},"featured_media":1898,"comment_status":"open","ping_status":"closed","template":"","meta":{"inline_featured_image":false},"product_brand":[],"product_cat":[129],"product_tag":[80,79,164,165,81],"class_list":{"0":"post-1897","1":"product","2":"type-product","3":"status-publish","4":"has-post-thumbnail","6":"product_cat-optiikka","7":"product_tag-leupold","8":"product_tag-matsastys","9":"product_tag-punapiste","10":"product_tag-tahtain","11":"product_tag-vx-freedom","13":"first","14":"instock","15":"sale","16":"taxable","17":"shipping-taxable","18":"purchasable","19":"product-type-simple"},"_links":{"self":[{"href":"https:\/\/retkilemi.fi\/index.php?rest_route=\/wp\/v2\/product\/1897","targetHints":{"allow":["GET"]}}],"collection":[{"href":"https:\/\/retkilemi.fi\/index.php?rest_route=\/wp\/v2\/product"}],"about":[{"href":"https:\/\/retkilemi.fi\/index.php?rest_route=\/wp\/v2\/types\/product"}],"replies":[{"embeddable":true,"href":"https:\/\/retkilemi.fi\/index.php?rest_route=%2Fwp%2Fv2%2Fcomments&post=1897"}],"wp:featuredmedia":[{"embeddable":true,"href":"https:\/\/retkilemi.fi\/index.php?rest_route=\/wp\/v2\/media\/1898"}],"wp:attachment":[{"href":"https:\/\/retkilemi.fi\/index.php?rest_route=%2Fwp%2Fv2%2Fmedia&parent=1897"}],"wp:term":[{"taxonomy":"product_brand","embeddable":true,"href":"https:\/\/retkilemi.fi\/index.php?rest_route=%2Fwp%2Fv2%2Fproduct_brand&post=1897"},{"taxonomy":"product_cat","embeddable":true,"href":"https:\/\/retkilemi.fi\/index.php?rest_route=%2Fwp%2Fv2%2Fproduct_cat&post=1897"},{"taxonomy":"product_tag","embeddable":true,"href":"https:\/\/retkilemi.fi\/index.php?rest_route=%2Fwp%2Fv2%2Fproduct_tag&post=1897"}],"curies":[{"name":"wp","href":"https:\/\/api.w.org\/{rel}","templated":true}]}}