{"id":202,"date":"2020-08-31T09:41:52","date_gmt":"2020-08-31T06:41:52","guid":{"rendered":"http:\/\/source.wpopal.com\/huntor\/product\/coleman-company-signature-insant-dome-7\/"},"modified":"2026-01-06T20:53:56","modified_gmt":"2026-01-06T18:53:56","slug":"kuivasakki","status":"publish","type":"product","link":"https:\/\/retkilemi.fi\/?product=kuivasakki","title":{"rendered":"Kuivas\u00e4kki ikkunalla 15L"},"content":{"rendered":"<p>Ikkunallinen kuivas\u00e4kki retkeilytarvikkeiden vesitiiviiseen kuljetukseen. Py\u00f6re\u00e4 pohja, suljetaan rullaamalla.<\/p>\n<ul>\n<li>Tilavuus: 15 l<\/li>\n<li>Materiaali: PVC<\/li>\n<li>Mitat: 23,5 x 50 cm<\/li>\n<li>V\u00e4ri: sininen<\/li>\n<\/ul>\n","protected":false},"excerpt":{"rendered":"<p>Retken kuivas\u00e4kki tavaroiden vesitiiviiseen kuljetukseen<\/p>\n","protected":false},"featured_media":2178,"comment_status":"open","ping_status":"closed","template":"","meta":{"inline_featured_image":false},"product_brand":[],"product_cat":[54,102,280],"product_tag":[103,104],"class_list":{"0":"post-202","1":"product","2":"type-product","3":"status-publish","4":"has-post-thumbnail","6":"product_cat-retkeily","7":"product_cat-retkeilytarvikkeet","8":"product_cat-tarjouksessa","9":"product_tag-laukut","10":"product_tag-retkeilytarvikkeet","12":"first","13":"instock","14":"sale","15":"taxable","16":"shipping-taxable","17":"purchasable","18":"product-type-simple"},"_links":{"self":[{"href":"https:\/\/retkilemi.fi\/index.php?rest_route=\/wp\/v2\/product\/202","targetHints":{"allow":["GET"]}}],"collection":[{"href":"https:\/\/retkilemi.fi\/index.php?rest_route=\/wp\/v2\/product"}],"about":[{"href":"https:\/\/retkilemi.fi\/index.php?rest_route=\/wp\/v2\/types\/product"}],"replies":[{"embeddable":true,"href":"https:\/\/retkilemi.fi\/index.php?rest_route=%2Fwp%2Fv2%2Fcomments&post=202"}],"wp:featuredmedia":[{"embeddable":true,"href":"https:\/\/retkilemi.fi\/index.php?rest_route=\/wp\/v2\/media\/2178"}],"wp:attachment":[{"href":"https:\/\/retkilemi.fi\/index.php?rest_route=%2Fwp%2Fv2%2Fmedia&parent=202"}],"wp:term":[{"taxonomy":"product_brand","embeddable":true,"href":"https:\/\/retkilemi.fi\/index.php?rest_route=%2Fwp%2Fv2%2Fproduct_brand&post=202"},{"taxonomy":"product_cat","embeddable":true,"href":"https:\/\/retkilemi.fi\/index.php?rest_route=%2Fwp%2Fv2%2Fproduct_cat&post=202"},{"taxonomy":"product_tag","embeddable":true,"href":"https:\/\/retkilemi.fi\/index.php?rest_route=%2Fwp%2Fv2%2Fproduct_tag&post=202"}],"curies":[{"name":"wp","href":"https:\/\/api.w.org\/{rel}","templated":true}]}}