{"id":2303,"date":"2021-09-03T08:13:29","date_gmt":"2021-09-03T05:13:29","guid":{"rendered":"https:\/\/retkilemi.fi\/?post_type=product&#038;p=2303"},"modified":"2026-01-06T20:57:02","modified_gmt":"2026-01-06T18:57:02","slug":"sightmark-wolverine-punapiste-1x23-csr","status":"publish","type":"product","link":"https:\/\/retkilemi.fi\/?product=sightmark-wolverine-punapiste-1x23-csr","title":{"rendered":"Sightmark Wolverine punapiste 1&#215;23 CSR"},"content":{"rendered":"<p>Sightmark Wolverine 1&#215;23 CSR<\/p>\n<p>Tiedot;<\/p>\n<p>Suurennos: 1 x<br \/>\nPisteen koko : 4 MOA<br \/>\nObjektiivin koko: 23 mm<br \/>\nKirkkauden s\u00e4\u00e4t\u00f6: Off, NV1, NV2, 3-10<br \/>\nKorkeus-\/sivuttaiss\u00e4\u00e4t\u00f6 120 MOA<br \/>\nJalusta: Picatinny \/ Weaver<br \/>\nPituus: 84 mm<br \/>\nPaino: 292 g<br \/>\nPariston tyyppi: AA 1,5 V<br \/>\nToiminta l\u00e4mp\u00f6tila: -22 C &#8211; 50 \u00adC<\/p>\n<p>IP67, eli t\u00e4ysin p\u00f6lytiivis rakenne.<br \/>\nIskunkest\u00e4v\u00e4<br \/>\nHuurtumaton<br \/>\nNaarmuuntumista ja heijastusta ehk\u00e4isev\u00e4 linssipinnoite <\/p>\n","protected":false},"excerpt":{"rendered":"<p>Kest\u00e4v\u00e4 punapistet\u00e4ht\u00e4in<\/p>\n","protected":false},"featured_media":2304,"comment_status":"open","ping_status":"closed","template":"","meta":{"inline_featured_image":false},"product_brand":[],"product_cat":[129,280],"product_tag":[167,164,166,165],"class_list":{"0":"post-2303","1":"product","2":"type-product","3":"status-publish","4":"has-post-thumbnail","6":"product_cat-optiikka","7":"product_cat-tarjouksessa","8":"product_tag-csr-1x23","9":"product_tag-punapiste","10":"product_tag-sightmark","11":"product_tag-tahtain","13":"first","14":"instock","15":"sale","16":"taxable","17":"shipping-taxable","18":"purchasable","19":"product-type-simple"},"_links":{"self":[{"href":"https:\/\/retkilemi.fi\/index.php?rest_route=\/wp\/v2\/product\/2303","targetHints":{"allow":["GET"]}}],"collection":[{"href":"https:\/\/retkilemi.fi\/index.php?rest_route=\/wp\/v2\/product"}],"about":[{"href":"https:\/\/retkilemi.fi\/index.php?rest_route=\/wp\/v2\/types\/product"}],"replies":[{"embeddable":true,"href":"https:\/\/retkilemi.fi\/index.php?rest_route=%2Fwp%2Fv2%2Fcomments&post=2303"}],"wp:featuredmedia":[{"embeddable":true,"href":"https:\/\/retkilemi.fi\/index.php?rest_route=\/wp\/v2\/media\/2304"}],"wp:attachment":[{"href":"https:\/\/retkilemi.fi\/index.php?rest_route=%2Fwp%2Fv2%2Fmedia&parent=2303"}],"wp:term":[{"taxonomy":"product_brand","embeddable":true,"href":"https:\/\/retkilemi.fi\/index.php?rest_route=%2Fwp%2Fv2%2Fproduct_brand&post=2303"},{"taxonomy":"product_cat","embeddable":true,"href":"https:\/\/retkilemi.fi\/index.php?rest_route=%2Fwp%2Fv2%2Fproduct_cat&post=2303"},{"taxonomy":"product_tag","embeddable":true,"href":"https:\/\/retkilemi.fi\/index.php?rest_route=%2Fwp%2Fv2%2Fproduct_tag&post=2303"}],"curies":[{"name":"wp","href":"https:\/\/api.w.org\/{rel}","templated":true}]}}