{"id":2382,"date":"2021-09-07T07:41:46","date_gmt":"2021-09-07T04:41:46","guid":{"rendered":"https:\/\/retkilemi.fi\/?post_type=product&#038;p=2382"},"modified":"2025-12-15T21:30:05","modified_gmt":"2025-12-15T19:30:05","slug":"anar-hirvas-naisten-metsastystakki-3","status":"publish","type":"product","link":"https:\/\/retkilemi.fi\/?product=anar-hirvas-naisten-metsastystakki-3","title":{"rendered":"Anar Hirvas naisten mets\u00e4stystakki"},"content":{"rendered":"<p>Suomalaisen huippusuunnittelijan ja osaavan mallimestarin yhteisty\u00f6n tuloksena syntynyt takki, joka ei j\u00e4t\u00e4 toivomisen varaa!<\/p>\n<p>Anar Hirvas mets\u00e4stystakki on suunniteltu suomalaiseen hirvi- ja peurajahtiin. Pintamateriaali on eritt\u00e4in hiljaista ja kulutusta kest\u00e4v\u00e4\u00e4 harjattua polyesteria. V\u00e4ri ja kuosit on suunniteltu maastouttamaan mets\u00e4st\u00e4j\u00e4 el\u00e4imen n\u00e4k\u00f6kyvylt\u00e4. Kirkas oranssi v\u00e4ritys t\u00e4ytt\u00e4\u00e4 uusimmat lain vaatimukset. N\u00e4m\u00e4 ominaisuudet sopivat eritt\u00e4in hyvin niin passi- kuin hiivint\u00e4mets\u00e4stykseen.<\/p>\n<p>T\u00e4ysin vedenpit\u00e4v\u00e4 ja erinomaisesti hengitt\u00e4v\u00e4 sek\u00e4 kevyt rakenne pit\u00e4v\u00e4t mets\u00e4st\u00e4j\u00e4n olon mahdollisimman miellytt\u00e4v\u00e4n\u00e4. Laadukas verkkovuori siirt\u00e4\u00e4 hyvin kosteuden pois iholta ja alemmista vaatekerroksista.<\/p>\n<p>Sile\u00e4 vuori hihoissa ja takin helmassa helpottaa pukemista.<\/p>\n<p>Vetoketjun tuulen- ja vedenpit\u00e4vyys on varmistettu leve\u00e4ll\u00e4 tuulilistalla. Maailman tunnetuimman valmistajan YKK:n vetoketjut takaavat pitk\u00e4n k\u00e4ytt\u00f6i\u00e4n ja toiminnan.<\/p>\n<p>Vy\u00f6t\u00e4r\u00f6ll\u00e4 ja helmassa oleva joustava s\u00e4\u00e4t\u00f6, sek\u00e4 s\u00e4\u00e4dett\u00e4v\u00e4t hihansuut mahdollistavat erinomaisen istuvuuden. Vaatteet seuraavat mets\u00e4st\u00e4j\u00e4n liikkeit\u00e4 kuin toinen iho.<\/p>\n<p>Sivuilla olevat vetoketjulliset tuuletusaukot ovat parhaimmillaan l\u00e4mpim\u00e4ll\u00e4 s\u00e4\u00e4ll\u00e4 aktiivisessa jahdissa.<\/p>\n<p>Takki on Suomessa suunniteltu ja testattu.<br \/>\nEritt\u00e4in hiljaiseksi harjattu pintarakenne.<br \/>\nHyvin maastouttava Suomessa suunniteltu digicamo-kuosi.<br \/>\nMiellytt\u00e4v\u00e4n olon takaava vedenpit\u00e4v\u00e4 ja hengitt\u00e4v\u00e4 materiaali.<br \/>\nADS-kalvo, hengitt\u00e4vyys 5000g\/m2\/24h ja vedenpit\u00e4vyys 10 000mm. Teipatut saumat.<br \/>\nKulutukselle alttiit kyyn\u00e4rp\u00e4\u00e4n kohdat vahvistettu.<br \/>\nTakin yl\u00e4osan vuori kest\u00e4v\u00e4\u00e4 verkkoa, joka takaa mukavuuden ja huipputason hengitt\u00e4vyyden.<br \/>\nNelj\u00e4\u00e4n suuntaan s\u00e4\u00e4tyv\u00e4 irroitettava huppu istuu hyvin ja k\u00e4\u00e4ntyy p\u00e4\u00e4n mukana.<br \/>\nTuulilistalliset vetoketjut pit\u00e4v\u00e4t kuivana ja l\u00e4mpim\u00e4n\u00e4.<br \/>\nNapoleontasku esim. k\u00e4nnyk\u00e4lle.<br \/>\nVetoketjullinen povitasku lompakolla ja luville.<br \/>\nNelj\u00e4 ulkopuolista taskua; VHF-\/l\u00e4mmittelytaskut rinnassa, patruunataskut helmassa<br \/>\nL\u00e4mpim\u00e4ll\u00e4 s\u00e4\u00e4ll\u00e4 ventilointiaukot mahdollistavat tehokkaan tuuletuksen.<br \/>\nHihansuissa tuulilukot ja tarranauhakiristykset.<br \/>\nVy\u00f6t\u00e4r\u00f6- ja helmas\u00e4\u00e4d\u00f6ill\u00e4 takin istuvuuden saa s\u00e4\u00e4detty\u00e4 mieleiseksi.<br \/>\n2-kerroslaminoitu brushed tricot.<br \/>\nPA vahvikkeet hartioissa.<br \/>\nTakin yl\u00e4osassa verkkovuori, sek\u00e4 alaosassa ja hihoissa taffeta.<br \/>\nMateriaali: 100 % polyesteri<br \/>\nPesuohje: Konepesu 40 asteessa. K\u00e4\u00e4nnett\u00e4v\u00e4 nurin ennen pesua.<br \/>\n2-vuoden materiaali- ja valmistusvirhe takuu.<\/p>\n<p><a href=\"https:\/\/retkilemi.fi\/wp-content\/uploads\/2021\/09\/Anar_kokotaulukko_A4.pdf\"><img fetchpriority=\"high\" decoding=\"async\" class=\"alignnone wp-image-2764 size-full\" src=\"https:\/\/retkilemi.fi\/wp-content\/uploads\/2021\/09\/Anar_kokotaulukko.jpg\" alt=\"\" width=\"500\" height=\"125\" srcset=\"https:\/\/retkilemi.fi\/wp-content\/uploads\/2021\/09\/Anar_kokotaulukko.jpg 500w, https:\/\/retkilemi.fi\/wp-content\/uploads\/2021\/09\/Anar_kokotaulukko-300x75.jpg 300w\" sizes=\"(max-width: 500px) 100vw, 500px\" \/><\/a><\/p>\n","protected":false},"excerpt":{"rendered":"<p>Anar Hirvas -hirvijahtitakin ominaisuuksia ja rakenteita suunniteltaessa ovat l\u00e4ht\u00f6kohtana olleet syksyn jahtikauden alati muuttuvat s\u00e4\u00e4olosuhteet, mets\u00e4st\u00e4jien tarpeet ja toiveet, hirvijahtivaatteita koskevat asetukset, sek\u00e4 tyylikkyys. Lopputuloksena on syntynyt t\u00e4ysin tuulen- ja vedenpit\u00e4v\u00e4 takki, joka on \u00e4\u00e4rimm\u00e4isen hiljainen, miellytt\u00e4v\u00e4n kevyt, turvallinen \u2013 ja suomalaisen tyylik\u00e4s!<\/p>\n","protected":false},"featured_media":2390,"comment_status":"open","ping_status":"closed","template":"","meta":{"inline_featured_image":false},"product_brand":[],"product_cat":[179,280],"product_tag":[87,118,88,180],"class_list":{"0":"post-2382","1":"product","2":"type-product","3":"status-publish","4":"has-post-thumbnail","6":"product_cat-naisten","7":"product_cat-tarjouksessa","8":"product_tag-anar","9":"product_tag-camo","10":"product_tag-hirvas","11":"product_tag-naisten-metsastystakki","13":"first","14":"instock","15":"sale","16":"taxable","17":"shipping-taxable","18":"purchasable","19":"product-type-variable"},"_links":{"self":[{"href":"https:\/\/retkilemi.fi\/index.php?rest_route=\/wp\/v2\/product\/2382","targetHints":{"allow":["GET"]}}],"collection":[{"href":"https:\/\/retkilemi.fi\/index.php?rest_route=\/wp\/v2\/product"}],"about":[{"href":"https:\/\/retkilemi.fi\/index.php?rest_route=\/wp\/v2\/types\/product"}],"replies":[{"embeddable":true,"href":"https:\/\/retkilemi.fi\/index.php?rest_route=%2Fwp%2Fv2%2Fcomments&post=2382"}],"wp:featuredmedia":[{"embeddable":true,"href":"https:\/\/retkilemi.fi\/index.php?rest_route=\/wp\/v2\/media\/2390"}],"wp:attachment":[{"href":"https:\/\/retkilemi.fi\/index.php?rest_route=%2Fwp%2Fv2%2Fmedia&parent=2382"}],"wp:term":[{"taxonomy":"product_brand","embeddable":true,"href":"https:\/\/retkilemi.fi\/index.php?rest_route=%2Fwp%2Fv2%2Fproduct_brand&post=2382"},{"taxonomy":"product_cat","embeddable":true,"href":"https:\/\/retkilemi.fi\/index.php?rest_route=%2Fwp%2Fv2%2Fproduct_cat&post=2382"},{"taxonomy":"product_tag","embeddable":true,"href":"https:\/\/retkilemi.fi\/index.php?rest_route=%2Fwp%2Fv2%2Fproduct_tag&post=2382"}],"curies":[{"name":"wp","href":"https:\/\/api.w.org\/{rel}","templated":true}]}}