{"id":2533,"date":"2021-09-08T08:42:06","date_gmt":"2021-09-08T05:42:06","guid":{"rendered":"https:\/\/retkilemi.fi\/?post_type=product&#038;p=2533"},"modified":"2025-10-29T14:36:06","modified_gmt":"2025-10-29T12:36:06","slug":"anar-sarrit-kengat","status":"publish","type":"product","link":"https:\/\/retkilemi.fi\/?product=anar-sarrit-kengat","title":{"rendered":"Anar Sarrit keng\u00e4t"},"content":{"rendered":"<p>Materiaali: P\u00e4\u00e4llinen, polyamidi, vuori polyesteri, ulkopohja kumi<br \/>\nVedenpit\u00e4v\u00e4 kalvo<\/p>\n","protected":false},"excerpt":{"rendered":"<p>Eritt\u00e4in kevyet ja hyvin jalkaa tukevat keng\u00e4t mets\u00e4stykseen sek\u00e4 vaelluksille. Vedenpit\u00e4v\u00e4, mutta hengitt\u00e4v\u00e4 kalvo pit\u00e4\u00e4 jalkasi kuivina s\u00e4\u00e4st\u00e4 ja aktiivisuudestasi riippumatta. Kenkien pohjien rakenne tukee holvikaarta, joustaa jalkater\u00e4st\u00e4 sek\u00e4 tekee kengist\u00e4 vakaat jalassa. Syv\u00e4urainen ulkopohja antaa hyv\u00e4n pidon kaikenlaisissa maastoissa.<\/p>\n","protected":false},"featured_media":2534,"comment_status":"open","ping_status":"closed","template":"","meta":{"inline_featured_image":false},"product_brand":[],"product_cat":[86],"product_tag":[87,203,75,204,205],"class_list":{"0":"post-2533","1":"product","2":"type-product","3":"status-publish","4":"has-post-thumbnail","6":"product_cat-jalkineet","7":"product_tag-anar","8":"product_tag-kengat","9":"product_tag-metsastys","10":"product_tag-sarrit","11":"product_tag-vaellus","13":"first","14":"instock","15":"taxable","16":"shipping-taxable","17":"purchasable","18":"product-type-variable"},"_links":{"self":[{"href":"https:\/\/retkilemi.fi\/index.php?rest_route=\/wp\/v2\/product\/2533","targetHints":{"allow":["GET"]}}],"collection":[{"href":"https:\/\/retkilemi.fi\/index.php?rest_route=\/wp\/v2\/product"}],"about":[{"href":"https:\/\/retkilemi.fi\/index.php?rest_route=\/wp\/v2\/types\/product"}],"replies":[{"embeddable":true,"href":"https:\/\/retkilemi.fi\/index.php?rest_route=%2Fwp%2Fv2%2Fcomments&post=2533"}],"wp:featuredmedia":[{"embeddable":true,"href":"https:\/\/retkilemi.fi\/index.php?rest_route=\/wp\/v2\/media\/2534"}],"wp:attachment":[{"href":"https:\/\/retkilemi.fi\/index.php?rest_route=%2Fwp%2Fv2%2Fmedia&parent=2533"}],"wp:term":[{"taxonomy":"product_brand","embeddable":true,"href":"https:\/\/retkilemi.fi\/index.php?rest_route=%2Fwp%2Fv2%2Fproduct_brand&post=2533"},{"taxonomy":"product_cat","embeddable":true,"href":"https:\/\/retkilemi.fi\/index.php?rest_route=%2Fwp%2Fv2%2Fproduct_cat&post=2533"},{"taxonomy":"product_tag","embeddable":true,"href":"https:\/\/retkilemi.fi\/index.php?rest_route=%2Fwp%2Fv2%2Fproduct_tag&post=2533"}],"curies":[{"name":"wp","href":"https:\/\/api.w.org\/{rel}","templated":true}]}}