{"id":2840,"date":"2021-09-19T08:28:55","date_gmt":"2021-09-19T05:28:55","guid":{"rendered":"https:\/\/retkilemi.fi\/?post_type=product&#038;p=2840"},"modified":"2021-10-15T08:19:01","modified_gmt":"2021-10-15T05:19:01","slug":"metsastysliivi","status":"publish","type":"product","link":"https:\/\/retkilemi.fi\/?product=metsastysliivi","title":{"rendered":"Mets\u00e4stysliivi"},"content":{"rendered":"<p>Koot S-XXXL<br \/>\nVeden \u2013 ja tuulen pit\u00e4v\u00e4<br \/>\nMik\u00e4li valitset liivin mets\u00e4stysasun p\u00e4\u00e4lle, valitse normaalikokoasi 1 suurempi.<\/p>\n","protected":false},"excerpt":{"rendered":"<p>Anar Dorvu mets\u00e4stysliivi<br \/>\nUudella turvaoranssi camokuviolla varustettu mets\u00e4stysliivi. Oikealla puolella radiopuhelintasku painonapilla ja antennipidikkeell\u00e4.<\/p>\n","protected":false},"featured_media":2847,"comment_status":"open","ping_status":"closed","template":"","meta":{"inline_featured_image":false},"product_brand":[],"product_cat":[97,182,170,179],"product_tag":[229,230,231,232],"class_list":{"0":"post-2840","1":"product","2":"type-product","3":"status-publish","4":"has-post-thumbnail","6":"product_cat-metsastysvaatteet","7":"product_cat-miesten","8":"product_cat-muut-asusteet","9":"product_cat-naisten","10":"product_tag-hirviliivi","11":"product_tag-oranssi","12":"product_tag-suojavari","13":"product_tag-turvaliivi","15":"first","16":"instock","17":"taxable","18":"shipping-taxable","19":"purchasable","20":"product-type-variable"},"_links":{"self":[{"href":"https:\/\/retkilemi.fi\/index.php?rest_route=\/wp\/v2\/product\/2840","targetHints":{"allow":["GET"]}}],"collection":[{"href":"https:\/\/retkilemi.fi\/index.php?rest_route=\/wp\/v2\/product"}],"about":[{"href":"https:\/\/retkilemi.fi\/index.php?rest_route=\/wp\/v2\/types\/product"}],"replies":[{"embeddable":true,"href":"https:\/\/retkilemi.fi\/index.php?rest_route=%2Fwp%2Fv2%2Fcomments&post=2840"}],"wp:featuredmedia":[{"embeddable":true,"href":"https:\/\/retkilemi.fi\/index.php?rest_route=\/wp\/v2\/media\/2847"}],"wp:attachment":[{"href":"https:\/\/retkilemi.fi\/index.php?rest_route=%2Fwp%2Fv2%2Fmedia&parent=2840"}],"wp:term":[{"taxonomy":"product_brand","embeddable":true,"href":"https:\/\/retkilemi.fi\/index.php?rest_route=%2Fwp%2Fv2%2Fproduct_brand&post=2840"},{"taxonomy":"product_cat","embeddable":true,"href":"https:\/\/retkilemi.fi\/index.php?rest_route=%2Fwp%2Fv2%2Fproduct_cat&post=2840"},{"taxonomy":"product_tag","embeddable":true,"href":"https:\/\/retkilemi.fi\/index.php?rest_route=%2Fwp%2Fv2%2Fproduct_tag&post=2840"}],"curies":[{"name":"wp","href":"https:\/\/api.w.org\/{rel}","templated":true}]}}