{"id":2998,"date":"2021-12-02T06:54:58","date_gmt":"2021-12-02T04:54:58","guid":{"rendered":"https:\/\/retkilemi.fi\/?post_type=product&#038;p=2998"},"modified":"2023-05-15T06:13:44","modified_gmt":"2023-05-15T03:13:44","slug":"anar-eco-60-ml-variton-kenkavaha","status":"publish","type":"product","link":"https:\/\/retkilemi.fi\/?product=anar-eco-60-ml-variton-kenkavaha","title":{"rendered":"Anar Eco 60 ml v\u00e4rit\u00f6n kenk\u00e4vaha"},"content":{"rendered":"<p>Sis\u00e4lt\u00e4\u00e4 k\u00e4tev\u00e4n sienen vahan levitykseen. Sopii my\u00f6s huonekaluille, laukuille, v\u00f6ille, satuloille ja muille nahkavarusteille. Hoitaa nahkaa ja pit\u00e4\u00e4 sen luonnollisen pehme\u00e4n\u00e4.<br \/>\nValmistettu EU:ssa.<\/p>\n","protected":false},"excerpt":{"rendered":"<p>Korkeatasoinen mehil\u00e4isvahaan ja luonnon\u00f6ljyihin perustuva, nahkaa hoitava koostumus.<\/p>\n","protected":false},"featured_media":3000,"comment_status":"open","ping_status":"closed","template":"","meta":{"inline_featured_image":false},"product_brand":[],"product_cat":[86],"product_tag":[87,297,296,227,293],"class_list":{"0":"post-2998","1":"product","2":"type-product","3":"status-publish","4":"has-post-thumbnail","6":"product_cat-jalkineet","7":"product_tag-anar","8":"product_tag-hoitotuote","9":"product_tag-kenkavaha","10":"product_tag-nahka","11":"product_tag-vaha","13":"first","14":"instock","15":"taxable","16":"shipping-taxable","17":"purchasable","18":"product-type-simple"},"_links":{"self":[{"href":"https:\/\/retkilemi.fi\/index.php?rest_route=\/wp\/v2\/product\/2998","targetHints":{"allow":["GET"]}}],"collection":[{"href":"https:\/\/retkilemi.fi\/index.php?rest_route=\/wp\/v2\/product"}],"about":[{"href":"https:\/\/retkilemi.fi\/index.php?rest_route=\/wp\/v2\/types\/product"}],"replies":[{"embeddable":true,"href":"https:\/\/retkilemi.fi\/index.php?rest_route=%2Fwp%2Fv2%2Fcomments&post=2998"}],"wp:featuredmedia":[{"embeddable":true,"href":"https:\/\/retkilemi.fi\/index.php?rest_route=\/wp\/v2\/media\/3000"}],"wp:attachment":[{"href":"https:\/\/retkilemi.fi\/index.php?rest_route=%2Fwp%2Fv2%2Fmedia&parent=2998"}],"wp:term":[{"taxonomy":"product_brand","embeddable":true,"href":"https:\/\/retkilemi.fi\/index.php?rest_route=%2Fwp%2Fv2%2Fproduct_brand&post=2998"},{"taxonomy":"product_cat","embeddable":true,"href":"https:\/\/retkilemi.fi\/index.php?rest_route=%2Fwp%2Fv2%2Fproduct_cat&post=2998"},{"taxonomy":"product_tag","embeddable":true,"href":"https:\/\/retkilemi.fi\/index.php?rest_route=%2Fwp%2Fv2%2Fproduct_tag&post=2998"}],"curies":[{"name":"wp","href":"https:\/\/api.w.org\/{rel}","templated":true}]}}