{"id":3005,"date":"2021-12-16T20:16:09","date_gmt":"2021-12-16T18:16:09","guid":{"rendered":"https:\/\/retkilemi.fi\/?post_type=product&#038;p=3005"},"modified":"2024-10-22T15:00:14","modified_gmt":"2024-10-22T12:00:14","slug":"anar-dalvi-toppahaalari-harmaa","status":"publish","type":"product","link":"https:\/\/retkilemi.fi\/?product=anar-dalvi-toppahaalari-harmaa","title":{"rendered":"Anar Dalvi toppahaalari harmaa"},"content":{"rendered":"<p>Anar Dalvi toppahaalari suojaa kylm\u00e4ll\u00e4 s\u00e4\u00e4ll\u00e4 niin pilkkij\u00e4\u00e4, kelkkailijaa kuin ulkoilijaa. Pehme\u00e4, vedenpit\u00e4v\u00e4 ja likaa hylkiv\u00e4 materiaali on eritt\u00e4in k\u00e4yt\u00e4nn\u00f6llinen monenlaisiin talven aktiviteetteihin. Hengitt\u00e4v\u00e4 haalari on kokonaan topattu. L\u00e4mp\u00f6toppaukset helposti palelevissa polvissa ja takamuksessa takaavat, ettei kylm\u00e4 p\u00e4\u00e4se yll\u00e4tt\u00e4m\u00e4\u00e4n kovimpinakaan pakkasp\u00e4ivin\u00e4, vaikka istuskelisit pitk\u00e4\u00e4n paikoillasi. Vetoketjulliset tuuletusaukot kainaloissa lis\u00e4\u00e4v\u00e4t hengitt\u00e4vyytt\u00e4. Lahkeiden lis\u00e4vahvikkeet lis\u00e4\u00e4v\u00e4t kulutuskest\u00e4vyytt\u00e4 ja suojaavat lialta sek\u00e4 rikkoutumiselta. Kahdessa suunnassa s\u00e4\u00e4dett\u00e4v\u00e4 huppu suojaa p\u00e4\u00e4t\u00e4 ja niskaa. Haalari on unisex -mitoitusta.<\/p>\n<p>Pehme\u00e4, vedenpit\u00e4v\u00e4 ja likaa hylkiv\u00e4 materiaali<br \/>\nTeipatut saumat<br \/>\nKiinte\u00e4, kahdessa suunnassa s\u00e4\u00e4dett\u00e4v\u00e4 huppu tekoturkiksella<br \/>\nJoustovy\u00f6t\u00e4r\u00f6 parantaa istuvuutta ja mukavuutta, vy\u00f6lenkit ja D-rengas<br \/>\nS\u00e4\u00e4dett\u00e4v\u00e4t henkselit<br \/>\nLahkeissa lumilukot kuminauhoilla<br \/>\nKaksi isoa vuoritettua povitaskua ja isot, mukavat reisitaskut<br \/>\nKainaloissa tuuletusaukot vetoketjuilla<br \/>\nS\u00e4\u00e4dett\u00e4v\u00e4t hihansuut, pehme\u00e4 resori sis\u00e4hihassa<br \/>\nLahkeissa vetoketjut ja kiristystarrat<br \/>\n3M-heijastimet hihansuissa, lahkeiden etupuolella ja sel\u00e4ss\u00e4<br \/>\nUnisex \u2013mitoitus<br \/>\nMateriaali: 85% polyesteri, 15 % nylon laminoidulla ADS-kalvolla (vedenpit\u00e4vyys 10 000 mm, hengitt\u00e4vyys 5 000 g \/ m\u00b2 \/ 24 h)<br \/>\nVahvikkeiden materiaali: 100% nylon laminoidulla ADS-kalvolla (vedenpit\u00e4vyys 10 000 mm, hengitt\u00e4vyys 5 000 g \/ m\u00b2 \/ 24 h)<br \/>\nVanun paksuus: Hupussa ja jaloissa 130g, vartalossa ja hihoissa 160g<\/p>\n","protected":false},"excerpt":{"rendered":"<p>Toppahaalari<\/p>\n<p>Reilun kokoinen.<\/p>\n","protected":false},"featured_media":3014,"comment_status":"open","ping_status":"closed","template":"","meta":{"inline_featured_image":false},"product_brand":[],"product_cat":[170],"product_tag":[87,291,298,300,299],"class_list":{"0":"post-3005","1":"product","2":"type-product","3":"status-publish","4":"has-post-thumbnail","6":"product_cat-muut-asusteet","7":"product_tag-anar","8":"product_tag-dalvi","9":"product_tag-haalari","10":"product_tag-harmaa","11":"product_tag-unisex","13":"first","14":"outofstock","15":"sale","16":"taxable","17":"shipping-taxable","18":"purchasable","19":"product-type-variable"},"_links":{"self":[{"href":"https:\/\/retkilemi.fi\/index.php?rest_route=\/wp\/v2\/product\/3005","targetHints":{"allow":["GET"]}}],"collection":[{"href":"https:\/\/retkilemi.fi\/index.php?rest_route=\/wp\/v2\/product"}],"about":[{"href":"https:\/\/retkilemi.fi\/index.php?rest_route=\/wp\/v2\/types\/product"}],"replies":[{"embeddable":true,"href":"https:\/\/retkilemi.fi\/index.php?rest_route=%2Fwp%2Fv2%2Fcomments&post=3005"}],"wp:featuredmedia":[{"embeddable":true,"href":"https:\/\/retkilemi.fi\/index.php?rest_route=\/wp\/v2\/media\/3014"}],"wp:attachment":[{"href":"https:\/\/retkilemi.fi\/index.php?rest_route=%2Fwp%2Fv2%2Fmedia&parent=3005"}],"wp:term":[{"taxonomy":"product_brand","embeddable":true,"href":"https:\/\/retkilemi.fi\/index.php?rest_route=%2Fwp%2Fv2%2Fproduct_brand&post=3005"},{"taxonomy":"product_cat","embeddable":true,"href":"https:\/\/retkilemi.fi\/index.php?rest_route=%2Fwp%2Fv2%2Fproduct_cat&post=3005"},{"taxonomy":"product_tag","embeddable":true,"href":"https:\/\/retkilemi.fi\/index.php?rest_route=%2Fwp%2Fv2%2Fproduct_tag&post=3005"}],"curies":[{"name":"wp","href":"https:\/\/api.w.org\/{rel}","templated":true}]}}