{"id":3260,"date":"2022-01-24T17:45:43","date_gmt":"2022-01-24T15:45:43","guid":{"rendered":"https:\/\/retkilemi.fi\/?post_type=product&#038;p=3260"},"modified":"2022-10-07T08:22:57","modified_gmt":"2022-10-07T05:22:57","slug":"pyoriva-eratuoli-quake","status":"publish","type":"product","link":"https:\/\/retkilemi.fi\/?product=pyoriva-eratuoli-quake","title":{"rendered":"Py\u00f6riv\u00e4 er\u00e4tuoli Quake"},"content":{"rendered":"<p>K\u00e4tev\u00e4 kokoontaittuva tuoli.<\/p>\n<ul>\n<li>S\u00e4\u00e4dett\u00e4v\u00e4t jalat<\/li>\n<li>Paino 2,9kg<\/li>\n<li>Kantavuus 130kg<\/li>\n<li>Istuinosassa pehtustettu tyyny<\/li>\n<\/ul>\n","protected":false},"excerpt":{"rendered":"<p>Ymp\u00e4ripy\u00f6riv\u00e4 passituoli<\/p>\n","protected":false},"featured_media":3261,"comment_status":"open","ping_status":"closed","template":"","meta":{"inline_featured_image":false},"product_brand":[],"product_cat":[55,135,102],"product_tag":[357,359,361,360,358,356],"class_list":{"0":"post-3260","1":"product","2":"type-product","3":"status-publish","4":"has-post-thumbnail","6":"product_cat-kalastus","7":"product_cat-metsastysreput","8":"product_cat-retkeilytarvikkeet","9":"product_tag-357","10":"product_tag-eratuoli","11":"product_tag-istuin","12":"product_tag-jakkara","13":"product_tag-pyoriva","14":"product_tag-tuoli","16":"first","17":"outofstock","18":"taxable","19":"shipping-taxable","20":"purchasable","21":"product-type-simple"},"_links":{"self":[{"href":"https:\/\/retkilemi.fi\/index.php?rest_route=\/wp\/v2\/product\/3260","targetHints":{"allow":["GET"]}}],"collection":[{"href":"https:\/\/retkilemi.fi\/index.php?rest_route=\/wp\/v2\/product"}],"about":[{"href":"https:\/\/retkilemi.fi\/index.php?rest_route=\/wp\/v2\/types\/product"}],"replies":[{"embeddable":true,"href":"https:\/\/retkilemi.fi\/index.php?rest_route=%2Fwp%2Fv2%2Fcomments&post=3260"}],"wp:featuredmedia":[{"embeddable":true,"href":"https:\/\/retkilemi.fi\/index.php?rest_route=\/wp\/v2\/media\/3261"}],"wp:attachment":[{"href":"https:\/\/retkilemi.fi\/index.php?rest_route=%2Fwp%2Fv2%2Fmedia&parent=3260"}],"wp:term":[{"taxonomy":"product_brand","embeddable":true,"href":"https:\/\/retkilemi.fi\/index.php?rest_route=%2Fwp%2Fv2%2Fproduct_brand&post=3260"},{"taxonomy":"product_cat","embeddable":true,"href":"https:\/\/retkilemi.fi\/index.php?rest_route=%2Fwp%2Fv2%2Fproduct_cat&post=3260"},{"taxonomy":"product_tag","embeddable":true,"href":"https:\/\/retkilemi.fi\/index.php?rest_route=%2Fwp%2Fv2%2Fproduct_tag&post=3260"}],"curies":[{"name":"wp","href":"https:\/\/api.w.org\/{rel}","templated":true}]}}