{"id":3726,"date":"2022-08-05T06:34:40","date_gmt":"2022-08-05T03:34:40","guid":{"rendered":"https:\/\/retkilemi.fi\/?post_type=product&#038;p=3726"},"modified":"2025-02-10T18:21:10","modified_gmt":"2025-02-10T16:21:10","slug":"brava-kevytmetallihakki-musta","status":"publish","type":"product","link":"https:\/\/retkilemi.fi\/?product=brava-kevytmetallihakki-musta","title":{"rendered":"Brava Kevytmetallih\u00e4kki, musta"},"content":{"rendered":"<p>Metalliosien vasaralakattu pinta s\u00e4ilyy siistin\u00e4 ja kest\u00e4\u00e4 k\u00e4yt\u00f6ss\u00e4 vuodesta toiseen. Irrallinen, muovinen pohjakaukalo on kevyt ja hiljainen ja lis\u00e4ksi helppo puhdistaa.<br \/>\nS-koon h\u00e4kiss\u00e4 on ovi p\u00e4\u00e4dyss\u00e4, M-XXXL-kokoisissa h\u00e4keiss\u00e4 p\u00e4\u00e4dyss\u00e4 sek\u00e4 toisella pitk\u00e4ll\u00e4 sivulla (p\u00e4\u00e4tyovesta katsottuna h\u00e4kin oikealla puolella).<br \/>\nOvissa on luotettava salpalukko. H\u00e4kki on helppo taittaa kasaan s\u00e4ilytyksen ajaksi. Nostaminen onnistuu mukavasti muovisesta kantokahvasta.<\/p>\n<p><b>V\u00e4ri:<\/b>\u00a0Musta<br \/>\n<b>Koot:<\/b>\u00a0S-XXXL<\/p>\n<table>\n<tbody>\n<tr>\n<td><strong>Koko<\/strong><\/td>\n<td><strong>Pituus<\/strong><\/td>\n<td><strong>Leveys<\/strong><\/td>\n<td><strong>Korkeus<\/strong><\/td>\n<td><strong>Paino<\/strong><\/td>\n<\/tr>\n<tr>\n<td>S<\/td>\n<td>48 cm<\/td>\n<td>30 cm<\/td>\n<td>38 cm<\/td>\n<td>2,8 kg<\/td>\n<\/tr>\n<tr>\n<td>M<\/td>\n<td>61 cm<\/td>\n<td>46 cm<\/td>\n<td>53 cm<\/td>\n<td>4,3 kg<\/td>\n<\/tr>\n<tr>\n<td>L<\/td>\n<td>76 cm<\/td>\n<td>48 cm<\/td>\n<td>55 cm<\/td>\n<td>5,45 kg<\/td>\n<\/tr>\n<tr>\n<td>XL<\/td>\n<td>93 cm<\/td>\n<td>58 cm<\/td>\n<td>66 cm<\/td>\n<td>7,35 kg<\/td>\n<\/tr>\n<tr>\n<td>XXL<\/td>\n<td>107 cm<\/td>\n<td>71 cm<\/td>\n<td>78 cm<\/td>\n<td>10,35 kg<\/td>\n<\/tr>\n<tr>\n<td>XXXL<\/td>\n<td>123 cm<\/td>\n<td>76 cm<\/td>\n<td>84 cm<\/td>\n<td>12,3 kg<\/td>\n<\/tr>\n<\/tbody>\n<\/table>\n<p>&nbsp;<\/p>\n<p>&nbsp;<\/p>\n","protected":false},"excerpt":{"rendered":"<p>Kevytrakenteisemmat metallih\u00e4kit ovat v\u00e4h\u00e4isemm\u00e4n painonsa ansiosta helppoja kuljettaa ja kantaa.<\/p>\n<p>&nbsp;<\/p>\n<p>Koko<\/p>\n<p>XL<\/p>\n","protected":false},"featured_media":3289,"comment_status":"open","ping_status":"closed","template":"","meta":{"inline_featured_image":false},"product_brand":[],"product_cat":[518,280],"product_tag":[350],"class_list":{"0":"post-3726","1":"product","2":"type-product","3":"status-publish","4":"has-post-thumbnail","6":"product_cat-matkustaminen","7":"product_cat-tarjouksessa","8":"product_tag-hakki","10":"first","11":"instock","12":"sale","13":"taxable","14":"shipping-taxable","15":"purchasable","16":"product-type-simple"},"_links":{"self":[{"href":"https:\/\/retkilemi.fi\/index.php?rest_route=\/wp\/v2\/product\/3726","targetHints":{"allow":["GET"]}}],"collection":[{"href":"https:\/\/retkilemi.fi\/index.php?rest_route=\/wp\/v2\/product"}],"about":[{"href":"https:\/\/retkilemi.fi\/index.php?rest_route=\/wp\/v2\/types\/product"}],"replies":[{"embeddable":true,"href":"https:\/\/retkilemi.fi\/index.php?rest_route=%2Fwp%2Fv2%2Fcomments&post=3726"}],"wp:featuredmedia":[{"embeddable":true,"href":"https:\/\/retkilemi.fi\/index.php?rest_route=\/wp\/v2\/media\/3289"}],"wp:attachment":[{"href":"https:\/\/retkilemi.fi\/index.php?rest_route=%2Fwp%2Fv2%2Fmedia&parent=3726"}],"wp:term":[{"taxonomy":"product_brand","embeddable":true,"href":"https:\/\/retkilemi.fi\/index.php?rest_route=%2Fwp%2Fv2%2Fproduct_brand&post=3726"},{"taxonomy":"product_cat","embeddable":true,"href":"https:\/\/retkilemi.fi\/index.php?rest_route=%2Fwp%2Fv2%2Fproduct_cat&post=3726"},{"taxonomy":"product_tag","embeddable":true,"href":"https:\/\/retkilemi.fi\/index.php?rest_route=%2Fwp%2Fv2%2Fproduct_tag&post=3726"}],"curies":[{"name":"wp","href":"https:\/\/api.w.org\/{rel}","templated":true}]}}