{"id":3835,"date":"2022-10-07T06:31:07","date_gmt":"2022-10-07T03:31:07","guid":{"rendered":"https:\/\/retkilemi.fi\/?post_type=product&#038;p=3835"},"modified":"2024-10-22T15:00:14","modified_gmt":"2024-10-22T12:00:14","slug":"lovepaws-luomutassuvaha-50-ml","status":"publish","type":"product","link":"https:\/\/retkilemi.fi\/?product=lovepaws-luomutassuvaha-50-ml","title":{"rendered":"LovePaws\u00ae Luomutassuvaha, 50 ml"},"content":{"rendered":"<p><b>LovePaws\u00ae<\/b>\u00a0on kotimainen, korkealaatuisista luomuraaka-aineista valmistettu 100 % luonnollinen tassuvaha. Se imeytyy nopeasti ja kosteuttaa ja pehmitt\u00e4\u00e4 tehokkaasti tassuja jo ensimm\u00e4isell\u00e4 k\u00e4ytt\u00f6kerralla!<\/p>\n<p>Kuivien ja karheiden polkuanturoiden lis\u00e4ksi LovePaws\u00ae-vahaa voidaan k\u00e4ytt\u00e4\u00e4 anturoiden v\u00e4leihin, halkeamiin, haavoihin, ihottumiin, auringonpolttamiin, hot-spot&#8217;eihin ja punkin puremiin. Erinomainen esimerkiksi k\u00e4ytt\u00f6- ja valjakkokoirien tassujen hoidossa.<\/p>\n<p>LovePaws\u00ae Tassuvaha imeytyy nopeasti, yleens\u00e4 jo 20 sekuntia &#8211; 1 minuutti riitt\u00e4\u00e4. Vahaa voidaan annostella ongelmakohtiin reilummin, jolloin my\u00f6s imeytymiseen kannattaa varata enemm\u00e4n aikaa.<\/p>\n<p>LovePaws\u00ae sis\u00e4lt\u00e4\u00e4 useita luonnon tehoaineita. Kookos\u00f6ljy lievitt\u00e4\u00e4 tulehdusta ja ehk\u00e4isee sienten kasvua. Sheavoilla on luonnostaan lukuisia erilaisia hoitavia ominaisuuksia. Sheavoi rauhoittaa ihoa ja suojaa mm. pakkaselta ja auringolta. Se sopii hyvin my\u00f6s herkk\u00e4ihoisille ja atoopikoille. Mehil\u00e4isvaha muodostaa iholle ohuen suojaavan, mutta samalla hengitt\u00e4v\u00e4n kalvon, joka v\u00e4hent\u00e4\u00e4 my\u00f6s esim. ep\u00e4puhtauksien joutumista haavaan.<\/p>\n<p>Huom! Tulehtumiseen vaikuttavat my\u00f6s muut ulkoiset asiat, kuten puhtaus. LovePaws\u00ae ei poista tulehtumisen mahdollisuutta.<\/p>\n<p>LovePaws\u00ae Luomutassuvahan sis\u00e4lt\u00f6 on virallisesti hyv\u00e4ksytty my\u00f6s ihmisten k\u00e4ytt\u00f6\u00f6n! Tuotetta koirallaan k\u00e4ytt\u00e4neet ovatkin jo keksineet tassuvahalle k\u00e4ytt\u00f6kohteita toinen toisensa j\u00e4lkeen ja k\u00e4ytt\u00e4neet tuotetta menestyksekk\u00e4\u00e4sti mm. tatskavoiteena, atooppisten silm\u00e4luomien, nuhanen\u00e4n, parran, akneihon, kuivien kantap\u00e4iden ja vaippaihottuman hoitoon.<\/p>\n<p><b>Koostumus:<\/b>\u00a0Kookos- ja oliivi\u00f6ljy, mehil\u00e4isvaha, sheavoi. Ainekset ovat sertifioituja luomuaineksia. Ei sis\u00e4ll\u00e4 kemikaaleja eik\u00e4 s\u00e4il\u00f6nt\u00e4aineita.<br \/>\n<b>K\u00e4ytt\u00f6ohje:<\/b>\u00a0Levit\u00e4 hoidettavaan kohtaan tarvittaessa 1-3 kertaa p\u00e4iv\u00e4ss\u00e4. Ennen ulkoilua ja\/tai ulkoilun j\u00e4lkeen. Anna imeyty\u00e4 hetki.<\/p>\n","protected":false},"excerpt":{"rendered":"<p>Luomu tassuvahaa<\/p>\n","protected":false},"featured_media":3836,"comment_status":"open","ping_status":"closed","template":"","meta":{"inline_featured_image":false},"product_brand":[],"product_cat":[386],"product_tag":[491,492,293],"class_list":{"0":"post-3835","1":"product","2":"type-product","3":"status-publish","4":"has-post-thumbnail","6":"product_cat-koti-ja-asuminen","7":"product_tag-rasva","8":"product_tag-tassuvaha","9":"product_tag-vaha","11":"first","12":"instock","13":"sale","14":"taxable","15":"shipping-taxable","16":"purchasable","17":"product-type-simple"},"_links":{"self":[{"href":"https:\/\/retkilemi.fi\/index.php?rest_route=\/wp\/v2\/product\/3835","targetHints":{"allow":["GET"]}}],"collection":[{"href":"https:\/\/retkilemi.fi\/index.php?rest_route=\/wp\/v2\/product"}],"about":[{"href":"https:\/\/retkilemi.fi\/index.php?rest_route=\/wp\/v2\/types\/product"}],"replies":[{"embeddable":true,"href":"https:\/\/retkilemi.fi\/index.php?rest_route=%2Fwp%2Fv2%2Fcomments&post=3835"}],"wp:featuredmedia":[{"embeddable":true,"href":"https:\/\/retkilemi.fi\/index.php?rest_route=\/wp\/v2\/media\/3836"}],"wp:attachment":[{"href":"https:\/\/retkilemi.fi\/index.php?rest_route=%2Fwp%2Fv2%2Fmedia&parent=3835"}],"wp:term":[{"taxonomy":"product_brand","embeddable":true,"href":"https:\/\/retkilemi.fi\/index.php?rest_route=%2Fwp%2Fv2%2Fproduct_brand&post=3835"},{"taxonomy":"product_cat","embeddable":true,"href":"https:\/\/retkilemi.fi\/index.php?rest_route=%2Fwp%2Fv2%2Fproduct_cat&post=3835"},{"taxonomy":"product_tag","embeddable":true,"href":"https:\/\/retkilemi.fi\/index.php?rest_route=%2Fwp%2Fv2%2Fproduct_tag&post=3835"}],"curies":[{"name":"wp","href":"https:\/\/api.w.org\/{rel}","templated":true}]}}