{"id":3949,"date":"2022-11-14T06:46:08","date_gmt":"2022-11-14T04:46:08","guid":{"rendered":"https:\/\/retkilemi.fi\/?post_type=product&#038;p=3949"},"modified":"2023-05-02T18:01:27","modified_gmt":"2023-05-02T15:01:27","slug":"flash-2-0-pcs-10l-musta","status":"publish","type":"product","link":"https:\/\/retkilemi.fi\/?product=flash-2-0-pcs-10l-musta","title":{"rendered":"Flash 2.0 PCS 1,0L musta"},"content":{"rendered":"<p>Jetboil Flash 2.0 PCS (Personal Cooking System) matkakeitin. Soveltuu perhek\u00e4ytt\u00f6\u00f6n, aktiiviseen ulkoilmak\u00e4ytt\u00f6\u00f6n ja ty\u00f6k\u00e4ytt\u00f6\u00f6n mm. veden ja kahvin keitt\u00e4miseen ja soppien kuumentamiseen. All-in-one -ratkaisu, jonka kaikki osat pakkautuvat sis\u00e4kk\u00e4in pieneksi pakkaukseksi ja jota jokaisen on nopea, turvallinen ja helppo k\u00e4ytt\u00e4\u00e4.<\/p>\n<p>Eritt\u00e4in suorituskykyinen ja varmatoiminen poltinosa liitet\u00e4\u00e4n astian pohjaan ja sytytet\u00e4\u00e4n integroidulla elektronisella piezo-sytytyksell\u00e4, josta t\u00e4ss\u00e4 versiossa on uuden sukupolven malli. Patentoitu, tuulisuojattu FluxRing-pohja siirt\u00e4\u00e4 l\u00e4mm\u00f6n tehokkaasti ja tasaisesti kuppiin. L\u00e4mm\u00f6nsiirtokapasiteetti 9 000 BTU (2,6 kW), jolla keitin keitt\u00e4\u00e4 0,5 litraa vett\u00e4 kiehuvaksi 1 min 40 sekunnissa Jetpower kaasulla k\u00e4ytettyn\u00e4! Tehokkaasti eristetty keittoastia toimii my\u00f6s juomakuppina. Neopreenieristesukka ulkopinnassa tekee k\u00e4yt\u00f6st\u00e4 turvallisempaa ja s\u00e4\u00e4st\u00e4\u00e4 kaasua. Eristeen kyljess\u00e4 olevien kiehumisindikaattoriraitojen v\u00e4ri muuttuu sis\u00e4ll\u00e4 olevan nesteen l\u00e4mp\u00f6tilan muuttuessa, jonka ansiosta tied\u00e4t milloin neste on oikean l\u00e4mp\u00f6ist\u00e4, ja kaasua ei kulu turhaan hukkaan.<\/p>\n<p>Astian koko 1,0 l, sis\u00e4ll\u00e4 mittaviivat. Korkeus pakattuna 180 mm, sis\u00e4halkaisija 95 mm. Paino keveimmill\u00e4\u00e4n toimintavalmiudessa 371 g ilman kaasua.<\/p>\n<p>Toimitukseen kuuluu: Poltin integroidulla sytyttimell\u00e4, keittokuppi kahvallisella eristesukalla ja l\u00e4mp\u00f6indikaattorilla, juomakansi, suojakuppi FluxRing pohjalle (varustettu mittaviivoilla), sek\u00e4 turvallisuutta lis\u00e4\u00e4v\u00e4 taitettava kolmijalkatuki kaasun pohjaan.<\/p>\n<p>Yleisimpien valmistajien kaasut sopivat Jetboil-polttimen standardikierteeseen. Parhaan suorituskyvyn saavuttamiseksi suosittelemme k\u00e4ytt\u00e4m\u00e4\u00e4n korkealuokkaisempia ja kustannustehokkaampia Jetboil Jetpower -talvikaasuja (ei sis.). 100 g Jetboil Jetpower -kaasus\u00e4ili\u00f6llisell\u00e4 keitt\u00e4\u00e4 jopa 10 litraa vett\u00e4 Jetboil Flash -keittimell\u00e4, ja s\u00e4ili\u00f6 mahtuu keittimen sis\u00e4\u00e4n kaikkien muiden osien lis\u00e4ksi.<\/p>\n<p>Suositellut lis\u00e4varusteet:<br \/>\n&#8211; Silicone Coffee Press -pressopuristin, jolla syntyy aromikkaat, tuoreet kahvit k\u00e4den k\u00e4\u00e4nteess\u00e4 ja sen avulla voi my\u00f6s hauduttaa (CFPS)<br \/>\n&#8211; Jetset Utensil Kit: lusikka, haarukka, paistilasta (UTN)<br \/>\n&#8211; Hanging Kit -ripustussarja (HGKT)<br \/>\n&#8211; Ceramic FluxRing Pot 1,5 L -kattila (CRCPT15)<br \/>\n&#8211; Summit Skillet -paistinpannu (SKLT)<br \/>\n&#8211; Pot Support -pannutuki (PSUP)<br \/>\n&#8211; Jetpower-seoskaasu 100 g (JF100)<br \/>\n&#8211; Jetpower-seoskaasu 230 g (JF230)<br \/>\n&#8211; Jetpower-seoskaasu 450 g (JF450)<\/p>\n","protected":false},"excerpt":{"rendered":"<p>Jetboil Flash 2.0 PCS (Personal Cooking System) matkakeitin. Soveltuu perhek\u00e4ytt\u00f6\u00f6n, aktiiviseen ulkoilmak\u00e4ytt\u00f6\u00f6n ja ty\u00f6k\u00e4ytt\u00f6\u00f6n mm. veden ja kahvin keitt\u00e4miseen ja soppien kuumentamiseen. All-in-one -ratkaisu, jonka kaikki osat pakkautuvat sis\u00e4kk\u00e4in pieneksi pakkaukseksi ja jota jokaisen on nopea, turvallinen ja helppo k\u00e4ytt\u00e4\u00e4. Eritt\u00e4in suorituskykyinen ja varmatoiminen poltinosa liitet\u00e4\u00e4n astian pohjaan ja sytytet\u00e4\u00e4n integroidulla elektronisella piezo-sytytyksell\u00e4, josta t\u00e4ss\u00e4 &hellip; <\/p>\n<p class=\"more-link-wrap\"><a href=\"https:\/\/retkilemi.fi\/?product=flash-2-0-pcs-10l-musta\" class=\"more-link\"><span>Read More<span class=\"screen-reader-text\"> &#8221;Flash 2.0 PCS 1,0L musta&#8221;<\/span><\/span><\/a><\/p>\n","protected":false},"featured_media":3950,"comment_status":"open","ping_status":"closed","template":"","meta":{"inline_featured_image":false},"product_brand":[],"product_cat":[142],"product_tag":[522,521,520,431],"class_list":{"0":"post-3949","1":"product","2":"type-product","3":"status-publish","4":"has-post-thumbnail","6":"product_cat-ruokailu","7":"product_tag-kaasukeitin","8":"product_tag-keitin","9":"product_tag-matkakeitin","10":"product_tag-retkikeitin","12":"first","13":"outofstock","14":"taxable","15":"shipping-taxable","16":"purchasable","17":"product-type-simple"},"_links":{"self":[{"href":"https:\/\/retkilemi.fi\/index.php?rest_route=\/wp\/v2\/product\/3949","targetHints":{"allow":["GET"]}}],"collection":[{"href":"https:\/\/retkilemi.fi\/index.php?rest_route=\/wp\/v2\/product"}],"about":[{"href":"https:\/\/retkilemi.fi\/index.php?rest_route=\/wp\/v2\/types\/product"}],"replies":[{"embeddable":true,"href":"https:\/\/retkilemi.fi\/index.php?rest_route=%2Fwp%2Fv2%2Fcomments&post=3949"}],"wp:featuredmedia":[{"embeddable":true,"href":"https:\/\/retkilemi.fi\/index.php?rest_route=\/wp\/v2\/media\/3950"}],"wp:attachment":[{"href":"https:\/\/retkilemi.fi\/index.php?rest_route=%2Fwp%2Fv2%2Fmedia&parent=3949"}],"wp:term":[{"taxonomy":"product_brand","embeddable":true,"href":"https:\/\/retkilemi.fi\/index.php?rest_route=%2Fwp%2Fv2%2Fproduct_brand&post=3949"},{"taxonomy":"product_cat","embeddable":true,"href":"https:\/\/retkilemi.fi\/index.php?rest_route=%2Fwp%2Fv2%2Fproduct_cat&post=3949"},{"taxonomy":"product_tag","embeddable":true,"href":"https:\/\/retkilemi.fi\/index.php?rest_route=%2Fwp%2Fv2%2Fproduct_tag&post=3949"}],"curies":[{"name":"wp","href":"https:\/\/api.w.org\/{rel}","templated":true}]}}