{"id":4386,"date":"2024-01-29T22:15:43","date_gmt":"2024-01-29T20:15:43","guid":{"rendered":"https:\/\/retkilemi.fi\/?post_type=product&#038;p=4386"},"modified":"2024-04-22T06:33:47","modified_gmt":"2024-04-22T03:33:47","slug":"brava-pentulaatikko","status":"publish","type":"product","link":"https:\/\/retkilemi.fi\/?product=brava-pentulaatikko","title":{"rendered":"Brava Pentulaatikko"},"content":{"rendered":"<p>Nopeasti koottava ja helppohoitoinen pentulaatikko PVC-muovista.<\/p>\n<p>PVC on materiaalina ihanteellinen ja hygieeninen synnytyslaatikkoon ja pienille pennuille niiden el\u00e4m\u00e4n ensiviikkoina. Se ei ime itseens\u00e4 likaa eik\u00e4 nesteit\u00e4 ja on helposti puhdistettavissa vedell\u00e4 ja pesuaineella ja kest\u00e4\u00e4 jopa pesun painepesurilla. PVC-vinyyli soveltuu my\u00f6s ulkok\u00e4ytt\u00f6\u00f6n eik\u00e4 murru tai haperru pakkasessakaan (esim. s\u00e4ilytyksen aikana kylmiss\u00e4 ulkorakennuksissa).<\/p>\n<p>Laatikko on nopea koota, osat liitet\u00e4\u00e4n k\u00e4sin toisiinsa ilman ty\u00f6kaluja. Vain turvaputkien kannakkeiden kiinnitykseen tarvitaan ristip\u00e4\u00e4ruuvimeisseli\u00e4 (sis\u00e4ltyy toimitukseen), jolla pidikkeet (4 kpl) kiinnitet\u00e4\u00e4n nurkkatolppien valmiisiin reikiin. Kiinnikkeiden varaan asentuvat turvaputket ehk\u00e4isev\u00e4t pentua puristumasta emon ja laatikon sein\u00e4n v\u00e4liin luomalla alleen turvatilan.<\/p>\n<p>Pentulaatikko on n\u00e4ytt\u00e4v\u00e4n valkoinen. Seiniss\u00e4 on irralliset, vaakasuuntaiset paneelit, joista voidaan latoa t\u00e4yskorkea tai matalampi sein\u00e4m\u00e4 tarpeen mukaan. Etusein\u00e4n paneelit ovat leveydelt\u00e4\u00e4n puolikkaita, jotta etusein\u00e4\u00e4n voidaan luoda matalampi kulkuaukko emolle. Mukana on my\u00f6s yksi matala kynnysrima, jolla laatikon kulkuaukko saadaan pennuille sopivaksi. T\u00e4st\u00e4 on erityisesti hy\u00f6ty\u00e4, kun laatikkoon liitet\u00e4\u00e4n erikseen saatava Brava Aitaus pentulaatikkoon.<\/p>\n<p>Brava Pentulaatikko on eritt\u00e4in tukeva ja painoa on sopivasti pit\u00e4m\u00e4\u00e4n laatikko paikoillaan. Laatikon alle voidaan haluttaessa laittaa muovipressu tai l\u00e4mp\u00f6alusta. Suosittelemme k\u00e4ytt\u00e4m\u00e4\u00e4n laatikon pinta-alaa suurempia alustoja, jolloin alustan p\u00e4\u00e4lle nostettu laatikko auttaa pit\u00e4m\u00e4\u00e4n alustamateriaaleja paikoillaan ja ehk\u00e4isee n\u00e4in emoa petaamasta pentuja pehmikkeiden mutkaan.<\/p>\n<p>Pakkaukseen sis\u00e4ltyy viisi tolppaa, joiden pohjassa on stopperi est\u00e4m\u00e4ss\u00e4 paneelien liukuminen tolppien l\u00e4pi nostettaessa. Tolppien p\u00e4\u00e4h\u00e4n tulee tyylik\u00e4s hattu.<\/p>\n<p>Brava Pentulaatikkoon voidaan tilata erikseen siihen saumattomasti liitett\u00e4v\u00e4 n\u00e4ytt\u00e4v\u00e4 aitaus. Valitse laatikkoon vastaavan kokoinen aitaus.<\/p>\n<p><strong>HUOM!<\/strong>\u00a0Yhdess\u00e4 tuotekuvassa esiintyv\u00e4 aitaus ei sis\u00e4lly toimitukseen vaan on saatavana erikseen. Kuvien tarkoitus on esitell\u00e4 laatikon lis\u00e4varustetta ja sen k\u00e4ytt\u00f6\u00e4 laatikkoon liitettyn\u00e4.<\/p>\n<p><strong>Koot (pituus x leveys x korkeus):<\/strong><br \/>\n100 x 100 x 46 cm | Paino 15,7 kg<br \/>\n122 x 122 x 46 cm | Paino 18,5 kg<br \/>\n150 x 150 x 46 cm | Paino 21,5 kg<\/p>\n<p><strong>V\u00e4ri:<\/strong>\u00a0Valkoinen<\/p>\n<p><strong>Katso esittelyvideo!<\/strong><\/p>\n<p>&nbsp;<\/p>\n<div class=\"embed-container\"><\/div>\n","protected":false},"excerpt":{"rendered":"<p>Nopeasti koottava ja helppohoitoinen pentulaatikko PVC-muovista.<\/p>\n","protected":false},"featured_media":4388,"comment_status":"open","ping_status":"closed","template":"","meta":{"inline_featured_image":false},"product_brand":[],"product_cat":[578],"product_tag":[584],"class_list":{"0":"post-4386","1":"product","2":"type-product","3":"status-publish","4":"has-post-thumbnail","6":"product_cat-pennut-ja-kasvatus","7":"product_tag-pentulkaatikko","9":"first","10":"instock","11":"sale","12":"taxable","13":"shipping-taxable","14":"purchasable","15":"product-type-variable"},"_links":{"self":[{"href":"https:\/\/retkilemi.fi\/index.php?rest_route=\/wp\/v2\/product\/4386","targetHints":{"allow":["GET"]}}],"collection":[{"href":"https:\/\/retkilemi.fi\/index.php?rest_route=\/wp\/v2\/product"}],"about":[{"href":"https:\/\/retkilemi.fi\/index.php?rest_route=\/wp\/v2\/types\/product"}],"replies":[{"embeddable":true,"href":"https:\/\/retkilemi.fi\/index.php?rest_route=%2Fwp%2Fv2%2Fcomments&post=4386"}],"wp:featuredmedia":[{"embeddable":true,"href":"https:\/\/retkilemi.fi\/index.php?rest_route=\/wp\/v2\/media\/4388"}],"wp:attachment":[{"href":"https:\/\/retkilemi.fi\/index.php?rest_route=%2Fwp%2Fv2%2Fmedia&parent=4386"}],"wp:term":[{"taxonomy":"product_brand","embeddable":true,"href":"https:\/\/retkilemi.fi\/index.php?rest_route=%2Fwp%2Fv2%2Fproduct_brand&post=4386"},{"taxonomy":"product_cat","embeddable":true,"href":"https:\/\/retkilemi.fi\/index.php?rest_route=%2Fwp%2Fv2%2Fproduct_cat&post=4386"},{"taxonomy":"product_tag","embeddable":true,"href":"https:\/\/retkilemi.fi\/index.php?rest_route=%2Fwp%2Fv2%2Fproduct_tag&post=4386"}],"curies":[{"name":"wp","href":"https:\/\/api.w.org\/{rel}","templated":true}]}}