{"id":4427,"date":"2024-02-06T18:35:56","date_gmt":"2024-02-06T16:35:56","guid":{"rendered":"https:\/\/retkilemi.fi\/?post_type=product&#038;p=4427"},"modified":"2024-10-22T15:00:33","modified_gmt":"2024-10-22T12:00:33","slug":"24-kpl-15kg-booster-power","status":"publish","type":"product","link":"https:\/\/retkilemi.fi\/?product=24-kpl-15kg-booster-power","title":{"rendered":"24 Kpl  15Kg  Booster Power"},"content":{"rendered":"<p><strong>Lavatarjous<\/strong><\/p>\n<p>24Kpl 15Kg\u00a0 S\u00e4kkej\u00e4 kotiin toimitettuna.<\/p>\n<p>&nbsp;<\/p>\n<p><strong>Tilaus voi sis\u00e4lt\u00e4\u00e4 vain koiranruokalavan.<\/strong><\/p>\n<p>&nbsp;<\/p>\n<p>HUOM!\u00a0Tuotteen koostumus, ravintosis\u00e4lt\u00f6 ja annostus on verkkokaupassa ja 15 kg:n s\u00e4kiss\u00e4 ilmoitetun mukainen my\u00f6s 3 kg:n pakkauksissa. 3 kg:n pussien ulkoasu tuotetietoineen odottaa p\u00e4ivityst\u00e4 uuteen.<\/p>\n<p>BOOSTER POWER on aktiivisen koiran ruoka, joka sis\u00e4lt\u00e4\u00e4 kaikki aikuisen koiran tarvitsemat ravintoaineet hyv\u00e4\u00e4n terveyteen ja elinvoimaan.<\/p>\n<p>Lihaisa (lihapitoisuus 45%) Booster Power on erinomainen mets\u00e4styskauden ruoka paljon energiaa tarvitsevalle mets\u00e4styskoiralle. Runsaan rasvakoostumuksensa ansiosta Booster Power on my\u00f6s mainio ruoka harrastuskoiralle erityisesti kilpailu- ja intensiivisell\u00e4 harjoittelukaudella. Booster Power on my\u00f6s ihanteellinen ty\u00f6koiran ruoka ja tukee mm. valjakkokoiria ja virkakoiria vaativissa ja t\u00e4rkeiss\u00e4 teht\u00e4viss\u00e4\u00e4n.<\/p>\n<p>Booster Power -t\u00e4ysravinnon biotiini ja erityinen yhdistelm\u00e4 hivenaineita (mm. sinkki) varmistavat terveen ihon ja turkin. Se sis\u00e4lt\u00e4\u00e4 Omega 3 &amp; 6 -rasvahapot sek\u00e4 glukosamiinia nivelten ja rustojen terveydeksi. L-karnitiini nopeuttaa ja tehostaa ravinnon sis\u00e4lt\u00e4m\u00e4n rasvan palamista ja vapauttaa siten enemm\u00e4n energiaa fyysisiin suorituksiin. Prebiootit (MOS) tehostavat terveen suolistoflooran kasvua ja edist\u00e4v\u00e4t siten ruuansulatusta ja suoliston toimintaa.<\/p>\n<p><b>KOOSTUMUS:<\/b><\/p>\n<p>kananlihajauho, maissi, siipikarjan rasva (s\u00e4il\u00f6tty tokoferoleilla), riisi, omenakuitu, panimohiiva, hydrolisoitu kana, lohi\u00f6ljy, kaliumkloridi, mononatriumkloridi, frukto-oligosakkaridit (FOS 0,1 %), mannan-oligosakkaridit (MOS 0,04 %), glukosamiini (0,027 %), yucca schidigera -uute (0,02 %), kondroitiinisulfaatti (0,017 %), keh\u00e4kukkajauhe.<b><br \/>\n<\/b><\/p>\n<p><b>RAVINTOAINEET:<\/b><\/p>\n<p>Proteiini 33 %, rasva 24 %, kosteus 9,5 %, raakatuhka 8 %, kuitu 2,5 %, kalsium 1,8 %, fosfori 1,2 %.<\/p>\n<p><b>LIS\u00c4AINEET \/ RAVINTOLIS\u00c4AINEET \/ 1 KG:<\/b><\/p>\n<p>A-vitamiini 16 000 IU, D3-vitamiini 1333 IU, E-vitamiini 471 mg, B2-vitamiini 8,9 mg, niasiini 22,2 %, kalsium-D-pantotenaatti 13,3 mg, biotiini 0,25 mg, K3-vitamiini 4,4 mg, B1-vitamiini 4,4 mg, B6-vitamiini 4,4 mg, B12-vitamiini 0,04 mg, foolihappo 0,89 mg, rauta 44,5 mg, jodi 1,3 mg, kupari 4,4 mg, mangaani 17,8 mg, sinkki 102,2 mg, seleeni 0,09 mg, tauriini 50 mg, koliinikloridi 1000 mg, L-karnitiini 100 mg.<\/p>\n<p><b>Muuntokelpoinen energia:<\/b>\u00a04412 kcal \/ kg<\/p>\n<p><b>Lihapitoisuus:<\/b>\u00a045 %<b><br \/>\n<\/b><\/p>\n<p>P\u00e4iv\u00e4annokset:\u00a0Katso viitteellinen annostelutaulukko tuotteen kuvista.<\/p>\n<p>1 dl = n. 48,6 g<\/p>\n<p>Booster-s\u00e4kit ovat kierr\u00e4tett\u00e4vi\u00e4 tunnuksella 7: muut muovit. Voit siis laittaa tyhj\u00e4n s\u00e4kin muovinker\u00e4ykseen.<\/p>\n","protected":false},"excerpt":{"rendered":"<p>Lavatarjous kotiintoimitettuna<\/p>\n","protected":false},"featured_media":3357,"comment_status":"open","ping_status":"closed","template":"","meta":{"inline_featured_image":false},"product_brand":[],"product_cat":[401],"product_tag":[325,327,402],"class_list":{"0":"post-4427","1":"product","2":"type-product","3":"status-publish","4":"has-post-thumbnail","6":"product_cat-koiranruokalavat","7":"product_tag-booster","8":"product_tag-koiranruoka","9":"product_tag-lava","11":"first","12":"instock","13":"taxable","14":"shipping-taxable","15":"purchasable","16":"product-type-simple"},"_links":{"self":[{"href":"https:\/\/retkilemi.fi\/index.php?rest_route=\/wp\/v2\/product\/4427","targetHints":{"allow":["GET"]}}],"collection":[{"href":"https:\/\/retkilemi.fi\/index.php?rest_route=\/wp\/v2\/product"}],"about":[{"href":"https:\/\/retkilemi.fi\/index.php?rest_route=\/wp\/v2\/types\/product"}],"replies":[{"embeddable":true,"href":"https:\/\/retkilemi.fi\/index.php?rest_route=%2Fwp%2Fv2%2Fcomments&post=4427"}],"wp:featuredmedia":[{"embeddable":true,"href":"https:\/\/retkilemi.fi\/index.php?rest_route=\/wp\/v2\/media\/3357"}],"wp:attachment":[{"href":"https:\/\/retkilemi.fi\/index.php?rest_route=%2Fwp%2Fv2%2Fmedia&parent=4427"}],"wp:term":[{"taxonomy":"product_brand","embeddable":true,"href":"https:\/\/retkilemi.fi\/index.php?rest_route=%2Fwp%2Fv2%2Fproduct_brand&post=4427"},{"taxonomy":"product_cat","embeddable":true,"href":"https:\/\/retkilemi.fi\/index.php?rest_route=%2Fwp%2Fv2%2Fproduct_cat&post=4427"},{"taxonomy":"product_tag","embeddable":true,"href":"https:\/\/retkilemi.fi\/index.php?rest_route=%2Fwp%2Fv2%2Fproduct_tag&post=4427"}],"curies":[{"name":"wp","href":"https:\/\/api.w.org\/{rel}","templated":true}]}}